10101011101000?
-10110111110010
In base 16, what is -12c - -12ca77?
12c94b
In base 9, what is 2 - -16088685?
16088687
In base 14, what is -118668 + -343?
-1189ab
In base 16, what is -1 + 3c99e40?
3c99e3f
In base 5, what is 4 - -110142202?
110142211
In base 6, what is 22515 - 4544125?
-4521210
In base 10, what is -81484 + -1?
-81485
In base 16, what is a0e + 9d7a?
a788
In base 10, what is -27311 + -1330?
-28641
In base 4, what is 30 + 1011323011?
1011323101
In base 10, what is -4 - -11549931?
11549927
In base 15, what is -2be01 - -1a?
-2bdd6
In base 7, what is 106621 + 33416?
143340
In base 11, what is -26 + -16499?
-16514
In base 11, what is 13827 + 1411?
15138
In base 9, what is 113 + 3807520?
3807633
In base 8, what is 5 - 16627551?
-16627544
In base 15, what is -94 - -63e5?
6351
In base 6, what is 1542 + -12254?
-10312
In base 2, what is -10010101001001111110001010 - 11?
-10010101001001111110001101
In base 11, what is -33105 - -1710?
-314a5
In base 2, what is 1 - -100010110000100101111010?
100010110000100101111011
In base 6, what is -11151124533 + 5?
-11151124524
In base 2, what is -11100001011001110100 + 11?
-11100001011001110001
In base 15, what is -1 - 5e9a96b?
-5e9a96c
In base 9, what is -13668 + 452?
-13216
In base 9, what is 26 - 127785?
-127758
In base 8, what is -1344600 + 600?
-1344000
In base 6, what is 1401045 - 12512?
1344133
In base 15, what is -5224b + 156?
-520e5
In base 16, what is -165cc - -131?
-1649b
In base 10, what is -2450922 - -3?
-2450919
In base 3, what is -1211212220110 - -10110?
-1211212210000
In base 13, what is -c + -5922a?
-59239
In base 11, what is 3951 - -2052?
59a3
In base 9, what is 271000 + -18?
270871
In base 2, what is 1001000111000100001100 + 101?
1001000111000100010001
In base 13, what is 219c5a - -103?
21a060
In base 4, what is -12 - 230000200110?
-230000200122
In base 4, what is 113 + -1330113231?
-1330113112
In base 4, what is -331230121 - -221?
-331223300
In base 6, what is 5243241050 + 3?
5243241053
In base 12, what is 27306 + 5a95?
3119b
In base 9, what is 3 - -2653570?
2653573
In base 6, what is 4253000205 + 1?
4253000210
In base 15, what is -112 + 9435?
9323
In base 11, what is 22891 - 9733?
14159
In base 15, what is 19 + -2c18e?
-2c175
In base 16, what is -99b24 - -13?
-99b11
In base 12, what is -934 + -118?
-a50
In base 9, what is -104301775 - -1?
-104301774
In base 9, what is 2 + -850627163?
-850627161
In base 16, what is 1cdb - -74c1?
919c
In base 4, what is -1011331222233 + -3?
-1011331222302
In base 11, what is -10a8 - -14159?
13061
In base 13, what is -556c4 - 531?
-55c25
In base 14, what is -3 - -a46c18?
a46c15
In base 15, what is -15d4a - -b41?
-15209
In base 16, what is -6f1 + -42c?
-b1d
In base 11, what is -3264105 - -32?
-3264083
In base 3, what is 2110112 + -12102020?
-2221201
In base 13, what is -1c7 - 3cca69?
-3ccc63
In base 8, what is 7373213 - -34?
7373247
In base 9, what is 10 - 4148833?
-4148823
In base 5, what is 214323 + 1011?
220334
In base 8, what is -77 - 43303?
-43402
In base 9, what is 2600 + -24024?
-21324
In base 15, what is 15 + 11ce3?
11d08
In base 9, what is -2 + -405474826?
-405474828
In base 6, what is -134 + -115300042?
-115300220
In base 10, what is -635 - 4081?
-4716
In base 13, what is 5 + 52586b7?
52586bc
In base 4, what is 133 - 3031311110?
-3031310311
In base 13, what is -12588 + -c9?
-12684
In base 8, what is 13566 - 23067?
-7301
In base 9, what is -873042 + -4?
-873046
In base 4, what is 3 + 22031131123310?
22031131123313
In base 14, what is 3 + -67093d?
-67093a
In base 3, what is -122 - 100202110221202200?
-100202110221210022
In base 3, what is -201201100 + 112222022?
-11202001
In base 7, what is 20222 + -30?
20162
In base 13, what is 8260170 + 5?
8260175
In base 13, what is -190669a - -4?
-1906696
In base 5, what is 240430001 - 2222?
240422224
In base 6, what is -3 - -233502202?
233502155
In base 16, what is 6d5 - -a663?
ad38
In base 5, what is 2200244113 - -11?
2200244124
In base 6, what is -3 - -202055013?
202055010
In base 8, what is 417414 - -100?
417514
In base 8, what is -2506 + -15553?
-20261
In base 12, what is -343011061 - -4?
-343011059
In base 10, what is 3 + -1078118?
-1078115
In base 8, what is -600123 - -15?
-600106
In base 12, what is -480 - 9973?
-a233
In base 13, what is -4 - -1826668?
1826664
In base 5, what is -32 + -10142033234?
-10142033321
In base 12, what is 160 + a4732?
a4892
In base 15, what is -1d5 + 2b5e9d?
2b5cb8
In base 2, what is -1110 - 1101010010111100111001?
-1101010010111101000111
In base 13, what is 6993 - c43?
5a50
In base 12, what is -7ba475b1 + -1?
-7ba475b2
In base 2, what is 101 + -101111101010101000000?
-101111101010100111011
In base 4, what is 121021120 - 3021?
121012033
In base 7, what is -55 - -31124?
31036
In base 11, what is -33745 + -280?
-33a15
In base 12, what is 48b976b + 0?
48b976b
In base 11, what is -25413 + -15554?
-3a967
In base 10, what is 102772 - -87?
102859
In base 7, what is 114651022 - -3?
114651025
In base 16, what is 2e + -94303?
-942d5
In base 12, what is 7a7 - 6535a?
-64773
In base 12, what is 1 + 14b918a3?
14b918a4
In base 10, what is 0 + -2032970?
-2032970
In base 3, what is -2010 - 122011220122?
-122011222202
In base 16, what is -2 - 28ea41?
-28ea43
In base 4, what is -1103021200221 - -133?
-1103021200022
In base 13, what is -bb - -804c5?
80407
In base 4, what is 20331101 + 21120021?
102111122
In base 4, what is 0 - 2100101210?
-2100101210
In base 9, what is 15213683 + -5?
15213677
In base 5, what is 141201124 + -303?
141200321
In base 13, what is 62091 - -27?
620b8
In base 5, what is -32 - -20424011144?
20424011112
In base 16, what is 1 + -1d27d2?
-1d27d1
In base 13, what is 18 - 53cc90?
-53cc75
In base 8, what is -7 - 1462123?
-1462132
In base 11, what is 47590719 - 1?
47590718
In base 5, what is -22331401223 + 1?
-22331401222
In base 5, what is 231 + -23120113?
-23114332
In base 6, what is -3421341 - -1320?
-3420021
In base 9, what is 87057 + 2173?
100241
In base 3, what is 122110011210022002 - 1?
122110011210022001
In base 12, what is -4b79b + 3b?
-4b760
In base 14, what is 1c700878 + -1?
1c700877
In base 11, what is 46994a6 - 6?
46994a0
In base 3, what is 21202102100102021 + -11?
21202102100102010
In base 13, what is -3a2590 - -6?
-3a2587
In base 3, what is -20 - 1012122010100?
-1012122010120
In base 8, what is 4 + 51500317?
51500323
In base 10, what is -10648186 + 2?
-10648184
In base 15, what is e604 + -2959?
bb9a
In base 14, what is -996d96 - 0?
-996d96
In base 8, what is 4 - -1145416365?
1145416371
In base 5, what is -4443110140123 + 1?
-4443110140122
In base 12, what is 4 + 1156259?
1156261
In base 2, what is 1011 + -10010000010101011011?
-10010000010101010000
In base 4, what is 212203210013 + -11?
212203210002
In base 8, what is -3 - 13330443?
-13330446
In base 2, what is -1111010 + -11111010100001001001100?
-11111010100001011000110
In base 9, what is -3 - 538873047?
-538873051
In base 8, what is -115620 - 26667?
-144507
In base 3, what is -220012100102221 - 1?
-220012100102222
In base 4, what is -111 + -312131222021?
-312131222132
In base 7, what is 1364130 + -6643?
1354154
In base 16, what is bbdaf2 + -7?
bbdaeb
In base 6, what is -4 + -341234303?
-341234311
In base 12, what is -96 - -263402?
263328
In base 3, what is -210021002010101 - 10?
-210021002010111
In base 9, what is 371 - -1087780?
1088261
In base 8, what is -37 - 1521425?
-1521464
In base 11, what is 27 - 316259?
-316232
In base 12, what is -6a880 - -92?
-6a7aa
In base 7, what is 1 - 166032150?
-166032146
In base 16, what is 67fa6 - -1?
67fa7
In base 11, what is -a32a964 - -3?
-a32a961
In base 3, what is 221 - 1220011020002201?
-1220011020001210
In base 8, what is 14664 + 12672?
27556
In base 7, what is -6352 - 2201032?
-2210414
In base 9, what is 6451868 + 13?
6451882
In base 6, what is -4 + 120101501?
120101453
In base 11, what is 37 - -a24315?
a24351
In base 11, what is 9a25a69 + -4?
9a25a65
In base 15, what is -13 + -50500?
-50513
In base 13, what is 1 - 956c82?
-956c81
In base 9, what is 2783 + -55310?
-52416
In base 15, what is 7 + -335ad1?
-335ac9
In base 14, what is 3c4424 - -1?
3c4425
In base 10, what is -6 + -5329936?
-5329942
In base 16, what is 16 - -169400?
169416
In base 7, what is 23334 - 15